{"id":706,"date":"2024-01-20T21:29:45","date_gmt":"2024-01-20T20:29:45","guid":{"rendered":"https:\/\/cristalesvida.com\/?post_type=product&#038;p=706"},"modified":"2024-01-20T21:29:45","modified_gmt":"2024-01-20T20:29:45","slug":"set-de-cristales-7-chakras","status":"publish","type":"product","link":"https:\/\/cristalesvida.com\/index.php\/product\/set-de-cristales-7-chakras\/","title":{"rendered":"Set de cristales 7 Chakras"},"content":{"rendered":"<p>Explora la vibrante energ\u00eda de los chakras a trav\u00e9s de nuestro exquisito set de cristales, cada uno cuidadosamente seleccionado para representar y potenciar los siete centros energ\u00e9ticos del cuerpo. Sum\u00e9rgete en la magia curativa de esta colecci\u00f3n \u00fanica que combina la pureza del cuarzo cristal con la profundidad de la amatista, la serenidad del lapisl\u00e1zuli, la vitalidad de la aventurina, la fuerza del jaspe amarillo, la pasi\u00f3n de la cornalina y la energ\u00eda ardiente del jaspe rojo.<\/p>\n<p>Visualiza el resplandor de estos cristales, cada uno impregnado con las propiedades \u00fanicas que simbolizan y equilibran los chakras. Desde el cuarzo cristal que act\u00faa como un canal limpio de energ\u00eda hasta la amatista que calma y equilibra la mente, este set crea una sinfon\u00eda armoniosa de colores y propiedades curativas.<\/p>\n<p>A trav\u00e9s de nuestra p\u00e1gina, te sumergir\u00e1s en la profunda conexi\u00f3n entre estos cristales y los siete chakras principales. Descubre c\u00f3mo la energ\u00eda de cada cristal se alinea con un centro energ\u00e9tico espec\u00edfico, fomentando la estabilidad emocional, mental y espiritual.<\/p>\n<p>Explora gu\u00edas pr\u00e1cticas sobre c\u00f3mo utilizar este set en meditaciones, rituales de limpieza y equilibrio, y c\u00f3mo integrar estos cristales en tu vida cotidiana para potenciar la armon\u00eda y el bienestar.<\/p>\n","protected":false},"excerpt":{"rendered":"<p>Explora la vibrante energ\u00eda de los chakras a trav\u00e9s de nuestro exquisito set de cristales, cada uno cuidadosamente seleccionado para representar y potenciar los siete centros energ\u00e9ticos del cuerpo.<\/p>\n<p><strong>Sum\u00e9rgete en la magia curativa de esta colecci\u00f3n \u00fanica que combina la pureza del cuarzo cristal con la profundidad de la amatista, la serenidad del lapisl\u00e1zuli, la vitalidad de la aventurina, la fuerza del jaspe amarillo, la pasi\u00f3n de la cornalina y la energ\u00eda ardiente del jaspe rojo.<\/strong><\/p>\n<p>Visualiza el resplandor de estos cristales, cada uno impregnado con las propiedades \u00fanicas que simbolizan y equilibran los chakras. Desde el cuarzo cristal que act\u00faa como un canal limpio de energ\u00eda hasta la amatista que calma y equilibra la mente, este set crea una sinfon\u00eda armoniosa de colores y propiedades curativas.<\/p>\n","protected":false},"featured_media":707,"comment_status":"closed","ping_status":"closed","template":"","meta":{"om_disable_all_campaigns":false,"_monsterinsights_skip_tracking":false,"_monsterinsights_sitenote_active":false,"_monsterinsights_sitenote_note":"","_monsterinsights_sitenote_category":0,"_uf_show_specific_survey":0,"_uf_disable_surveys":false},"product_cat":[59,61,64,63,55,62,60,35],"product_tag":[],"class_list":{"0":"post-706","1":"product","2":"type-product","3":"status-publish","4":"has-post-thumbnail","6":"product_cat-amatista-mineral","7":"product_cat-aventurina","8":"product_cat-circulos","9":"product_cat-cornalina","10":"product_cat-cuarzo","11":"product_cat-jaspe","12":"product_cat-lapislazuli","13":"product_cat-piedrastalladas","15":"first","16":"instock","17":"shipping-taxable","18":"purchasable","19":"product-type-simple"},"aioseo_notices":[],"jetpack_sharing_enabled":true,"_links":{"self":[{"href":"https:\/\/cristalesvida.com\/index.php\/wp-json\/wp\/v2\/product\/706","targetHints":{"allow":["GET"]}}],"collection":[{"href":"https:\/\/cristalesvida.com\/index.php\/wp-json\/wp\/v2\/product"}],"about":[{"href":"https:\/\/cristalesvida.com\/index.php\/wp-json\/wp\/v2\/types\/product"}],"replies":[{"embeddable":true,"href":"https:\/\/cristalesvida.com\/index.php\/wp-json\/wp\/v2\/comments?post=706"}],"wp:featuredmedia":[{"embeddable":true,"href":"https:\/\/cristalesvida.com\/index.php\/wp-json\/wp\/v2\/media\/707"}],"wp:attachment":[{"href":"https:\/\/cristalesvida.com\/index.php\/wp-json\/wp\/v2\/media?parent=706"}],"wp:term":[{"taxonomy":"product_cat","embeddable":true,"href":"https:\/\/cristalesvida.com\/index.php\/wp-json\/wp\/v2\/product_cat?post=706"},{"taxonomy":"product_tag","embeddable":true,"href":"https:\/\/cristalesvida.com\/index.php\/wp-json\/wp\/v2\/product_tag?post=706"}],"curies":[{"name":"wp","href":"https:\/\/api.w.org\/{rel}","templated":true}]}}