{"id":23,"date":"2019-04-18T10:08:43","date_gmt":"2019-04-18T10:08:43","guid":{"rendered":"https:\/\/envothemes.com\/envo-ecommerce\/product\/import-placeholder-for-60\/"},"modified":"2024-01-13T23:30:21","modified_gmt":"2024-01-13T22:30:21","slug":"top-pants-upper","status":"publish","type":"product","link":"https:\/\/cristalesvida.com\/index.php\/product\/top-pants-upper\/","title":{"rendered":"Pe\u0301ndulo de Merkaba Amatista"},"content":{"rendered":"<p><strong>P\u00e9ndulos de Merkaba de Amatista<\/strong>, donde la esencia del misterio se encuentra con la belleza natural.<\/p>\n<p>Descubre la magia de la amatista, una piedra preciosa venerada por siglos por sus propiedades espirituales y curativas.<\/p>\n<p>Nuestros p\u00e9ndulos est\u00e1n cuidadosamente dise\u00f1ados con la forma sagrada del <strong>Merkaba<\/strong>, una figura geom\u00e9trica tridimensional que representa la conexi\u00f3n entre el cielo y la tierra, el espiritual y lo terrenal. La amatista, con sus tonos p\u00farpuras profundos, potencia esta conexi\u00f3n, ofreciendo un viaje de sanaci\u00f3n y equilibrio.<\/p>\n<p>Cada p\u00e9ndulo es una obra maestra \u00fanica, tallada con precisi\u00f3n para realzar la energ\u00eda de la amatista y el simbolismo sagrado del Merkaba. \u00dasalo para explorar la clarividencia, mejorar la meditaci\u00f3n o simplemente como una hermosa joya que equilibra la energ\u00eda de tu entorno.<\/p>\n<p>Explora nuestra colecci\u00f3n y descubre la armon\u00eda que el <strong>P\u00e9ndulo de Merkaba de Amatista<\/strong> puede traer a tu vida.<\/p>\n<p>Sum\u00e9rgete en el mundo de la espiritualidad y la belleza natural mientras encuentras la herramienta perfecta para elevar tus pr\u00e1cticas espirituales y mejorar tu bienestar cotidiano.<\/p>\n","protected":false},"excerpt":{"rendered":"<p><strong>P\u00e9ndulos de Merkaba de Amatista<\/strong>, donde la esencia del misterio se encuentra con la belleza natural.<\/p>\n<p>Descubre la magia de la amatista, una piedra preciosa venerada por siglos por sus propiedades espirituales y curativas.<\/p>\n<p>Nuestros p\u00e9ndulos est\u00e1n cuidadosamente dise\u00f1ados con la forma sagrada del <strong>Merkaba<\/strong>, una figura geom\u00e9trica tridimensional que representa la conexi\u00f3n entre el cielo y la tierra, el espiritual y lo terrenal.<\/p>\n<p>La amatista, con sus tonos p\u00farpuras profundos, potencia esta conexi\u00f3n, ofreciendo un viaje de sanaci\u00f3n y equilibrio.<\/p>\n","protected":false},"featured_media":604,"comment_status":"open","ping_status":"closed","template":"","meta":{"om_disable_all_campaigns":false,"_monsterinsights_skip_tracking":false,"_monsterinsights_sitenote_active":false,"_monsterinsights_sitenote_note":"","_monsterinsights_sitenote_category":0,"_uf_show_specific_survey":0,"_uf_disable_surveys":false},"product_cat":[15],"product_tag":[],"class_list":{"0":"post-23","1":"product","2":"type-product","3":"status-publish","4":"has-post-thumbnail","6":"product_cat-uncategorized","8":"first","9":"instock","10":"featured","11":"shipping-taxable","12":"purchasable","13":"product-type-simple"},"aioseo_notices":[],"jetpack_sharing_enabled":true,"_links":{"self":[{"href":"https:\/\/cristalesvida.com\/index.php\/wp-json\/wp\/v2\/product\/23","targetHints":{"allow":["GET"]}}],"collection":[{"href":"https:\/\/cristalesvida.com\/index.php\/wp-json\/wp\/v2\/product"}],"about":[{"href":"https:\/\/cristalesvida.com\/index.php\/wp-json\/wp\/v2\/types\/product"}],"replies":[{"embeddable":true,"href":"https:\/\/cristalesvida.com\/index.php\/wp-json\/wp\/v2\/comments?post=23"}],"wp:featuredmedia":[{"embeddable":true,"href":"https:\/\/cristalesvida.com\/index.php\/wp-json\/wp\/v2\/media\/604"}],"wp:attachment":[{"href":"https:\/\/cristalesvida.com\/index.php\/wp-json\/wp\/v2\/media?parent=23"}],"wp:term":[{"taxonomy":"product_cat","embeddable":true,"href":"https:\/\/cristalesvida.com\/index.php\/wp-json\/wp\/v2\/product_cat?post=23"},{"taxonomy":"product_tag","embeddable":true,"href":"https:\/\/cristalesvida.com\/index.php\/wp-json\/wp\/v2\/product_tag?post=23"}],"curies":[{"name":"wp","href":"https:\/\/api.w.org\/{rel}","templated":true}]}}