{"id":19,"date":"2019-04-18T11:08:43","date_gmt":"2019-04-18T11:08:43","guid":{"rendered":"https:\/\/envothemes.com\/envo-ecommerce\/product\/import-placeholder-for-49\/"},"modified":"2024-01-12T19:34:34","modified_gmt":"2024-01-12T18:34:34","slug":"polo-t-shirt","status":"publish","type":"product","link":"https:\/\/cristalesvida.com\/index.php\/product\/polo-t-shirt\/","title":{"rendered":"Torre de Selenita"},"content":{"rendered":"<p>\u00a1Bienvenido a la serenidad radiante de nuestras Torres de Selenita! Sum\u00e9rgete en la calma y la luminosidad de esta piedra \u00fanica que ha capturado la admiraci\u00f3n de buscadores espirituales durante generaciones.<\/p>\n<p>La Selenita, con su tonalidad blanca y transl\u00facida, es conocida por su conexi\u00f3n con la luz divina y sus propiedades purificadoras. Nuestras torres de selenita son esculturas elegantes y potentes, creadas para canalizar y difundir la energ\u00eda positiva en tu espacio, mientras ofrecen una presencia majestuosa.<\/p>\n<p>Utiliza la Torre de Selenita como un faro espiritual en tu santuario, promoviendo la claridad mental y la paz interior. Su capacidad para limpiar y purificar la energ\u00eda circundante hace de esta piedra un complemento esencial para tus pr\u00e1cticas espirituales y de bienestar.<\/p>\n<p>Explora nuestra colecci\u00f3n y descubre c\u00f3mo la Torre de Selenita puede ser m\u00e1s que una pieza decorativa; puede ser una herramienta pr\u00e1ctica para elevar la vibraci\u00f3n de tu hogar o espacio de trabajo. Cada torre es \u00fanica, emanando una luz suave que invita a la tranquilidad y la espiritualidad.<\/p>\n","protected":false},"excerpt":{"rendered":"<p>Sum\u00e9rgete en la calma y la luminosidad de esta piedra \u00fanica que ha capturado la admiraci\u00f3n de buscadores espirituales durante generaciones.<\/p>\n<p><strong>La Selenita<\/strong>, con su tonalidad blanca y transl\u00facida, es conocida por su <strong>conexi\u00f3n con la luz divina y sus propiedades purificadora<\/strong>s. Nuestras torres de selenita son esculturas elegantes y potentes, creadas para canalizar y difundir la energ\u00eda positiva en tu espacio, mientras ofrecen una presencia majestuosa.<\/p>\n","protected":false},"featured_media":616,"comment_status":"open","ping_status":"closed","template":"","meta":{"om_disable_all_campaigns":false,"_monsterinsights_skip_tracking":false,"_monsterinsights_sitenote_active":false,"_monsterinsights_sitenote_note":"","_monsterinsights_sitenote_category":0,"_uf_show_specific_survey":0,"_uf_disable_surveys":false},"product_cat":[15],"product_tag":[],"class_list":{"0":"post-19","1":"product","2":"type-product","3":"status-publish","4":"has-post-thumbnail","6":"product_cat-uncategorized","8":"first","9":"instock","10":"shipping-taxable","11":"purchasable","12":"product-type-simple"},"aioseo_notices":[],"jetpack_sharing_enabled":true,"_links":{"self":[{"href":"https:\/\/cristalesvida.com\/index.php\/wp-json\/wp\/v2\/product\/19","targetHints":{"allow":["GET"]}}],"collection":[{"href":"https:\/\/cristalesvida.com\/index.php\/wp-json\/wp\/v2\/product"}],"about":[{"href":"https:\/\/cristalesvida.com\/index.php\/wp-json\/wp\/v2\/types\/product"}],"replies":[{"embeddable":true,"href":"https:\/\/cristalesvida.com\/index.php\/wp-json\/wp\/v2\/comments?post=19"}],"wp:featuredmedia":[{"embeddable":true,"href":"https:\/\/cristalesvida.com\/index.php\/wp-json\/wp\/v2\/media\/616"}],"wp:attachment":[{"href":"https:\/\/cristalesvida.com\/index.php\/wp-json\/wp\/v2\/media?parent=19"}],"wp:term":[{"taxonomy":"product_cat","embeddable":true,"href":"https:\/\/cristalesvida.com\/index.php\/wp-json\/wp\/v2\/product_cat?post=19"},{"taxonomy":"product_tag","embeddable":true,"href":"https:\/\/cristalesvida.com\/index.php\/wp-json\/wp\/v2\/product_tag?post=19"}],"curies":[{"name":"wp","href":"https:\/\/api.w.org\/{rel}","templated":true}]}}